4*t - 5*h - 413 - 294. What is the tens digit of t?
7
Let f be (-3)/(-12) - 19/(-4). Suppose -3*z - p = 0, f*z = z + 3*p. Suppose m + 0 - 9 = z. What is the units digit of m?
9
Let k = 129 + -61. What is the tens digit of k?
6
Suppose l - q = -3, 0*q + 6 = 2*l + 2*q. Suppose -3*j = l, 18 - 2 = v + 3*j. What is the tens digit of v?
1
Let p = -42 - -84. What is the tens digit of p?
4
Let s(l) be the first derivative of 2*l**2 + 2 + 0*l - 1/4*l**4 - 1/3*l**3. What is the units digit of s(-3)?
6
Let k(b) = -b + 7. Let m be k(4). What is the units digit of (-10)/(-15) - (-1)/m?
1
Let f be ((-13 + 3)/1)/(-2). Suppose 4*i - 9 = -2*q + q, f*q - 9 = -2*i. What is the units digit of i?
2
Let b(x) = -5 - 2*x + 8 + x. What is the units digit of b(-6)?
9
Suppose -6*v = -3*v + 3. Let u = v + -5. Let m = 1 - u. What is the units digit of m?
7
Let a(x) = -x**2 - 4*x - 5. Let k be a(-4). Let u be 49/7 - (1 + -3). Let y = k + u. What is the units digit of y?
4
Suppose 6 = 3*k, -20 + 4 = -5*q - 3*k. Suppose c - q*c = -2. Suppose c*x = -3*g + 25, -4*x + 32 = 3*g + g. What is the units digit of g?
9
Suppose 36 = -4*g - 16. Let a = 19 - g. Suppose h + a = 3*h - 2*i, 5*h + 4*i - 116 = 0. What is the tens digit of h?
2
Let y = -103 - -176. What is the units digit of y?
3
Let y(v) = -7*v - 11. What is the tens digit of y(-5)?
2
Suppose 12*r - 320 = 7*r. What is the tens digit of r?
6
Suppose -3*w + 12 = -b - 0*b, 3*b + 4*w = 3. What is the units digit of (1 - 7/3)*b?
4
Let s(p) = 14*p + 8 + 1 + p**2 - 6*p. Let q be s(-7). Suppose -q*o - n = -11, -2*o + 4*n - 4 = 2*n. What is the units digit of o?
3
Let x(k) = 6*k**2. Let v(s) = -s**2 - s + 2. Let c be v(0). What is the units digit of x(c)?
4
Suppose -4*v - 45 = 5*h, 0 = 2*h + 2*h + 4*v + 40. Let n = h - -12. What is the units digit of n?
7
Suppose 7*j = -0*j + 14. Let r(i) = i + 5. Let m be r(-4). Let x = j + m. What is the units digit of x?
3
Let w(f) = -27*f + 36. What is the units digit of w(-7)?
5
Let u = -9 + 14. Suppose -4*m - g = 4*g + 1, -g = -u*m + 6. Suppose 0 = -h + m + 4. What is the units digit of h?
5
Let l = 34 - 21. What is the tens digit of l?
1
What is the tens digit of 8/10*(-500)/(-5)?
8
Let j = -8 + 5. Let k = j + 46. Suppose 0 = -5*o + 2*y + k, -9 = -5*o - 3*y + 14. What is the units digit of o?
7
Let q(h) = h**2 - 4*h + 2. Let l be q(5). Let z(k) = 3 + 0*k - 3*k**2 - 10 + 4*k**2 - 5*k. What is the units digit of z(l)?
7
Suppose 2*g = 5*g. Let h = g + 0. Suppose h = p - o + 3*o + 1, -2*p = -o - 8. What is the units digit of p?
3
Let p(w) = w**3 - 3*w**2 - w - 5. Suppose 3*n + 2*m - 10 = 0, n - 4*m = -2*n + 16. What is the units digit of p(n)?
7
Suppose -2*k - 14 + 40 = 0. Suppose -3*j + 25 = -s + 3, -s - 4*j = -k. Let i = -3 - s. What is the units digit of i?
4
Let n = 10 + 5. What is the units digit of 5/n - (-106)/6?
8
Suppose 0 = -4*z + 7*z. Suppose 5*p = -5*l + 4*l + 100, z = -4*p + 2*l + 66. What is the units digit of p?
9
Let n = 14 - 12. Suppose 0 = -3*d + n*d + 24. What is the tens digit of d?
2
Suppose -3*d + 4*b = -8*d + 100, 0 = 5*d - 2*b - 100. Suppose 4*m = -m + d. Suppose a - 32 = -4*s, -m*a + 7 = -4*s + 59. What is the units digit of s?
9
Suppose -4*g + 5*x + 1721 - 511 = 0, -g = 4*x - 292. What is the hundreds digit of g?
3
Suppose 0 = -x + 5*m + 87, -4*m = -4 - 0. What is the tens digit of x?
9
Suppose 10 - 34 = 4*k. Let x = -1 - k. What is the units digit of -1 - x/(1 - 2)?
4
Suppose -j + 14 - 7 = 0. Suppose -j*m + 23 = -2*m - 3*t, 0 = 5*m + 5*t - 15. What is the units digit of m?
4
Suppose -1 + 21 = 4*t. Suppose -t*b = 23 + 2. What is the units digit of (-1)/(((-15)/(-24))/b)?
8
Let p(d) = -d**3 - 3*d**2 + 3*d - 2. Let r be p(-4). Suppose -5*j = c + 5, r*j = -3*c + 2*c + 1. Let w = 6 - j. What is the units digit of w?
8
Suppose -2*d + d = 0. Suppose -4*y - 5*a = -0*a - 81, 3*a - 3 = d. What is the units digit of y?
9
Let r be 3/(-6) - (-1)/(-2). Let k be (-107)/(-4) - r/4. What is the units digit of (k/6)/(1/2)?
9
Let o(i) = 4*i**2 + i. Let t(f) = 2*f + 1. Let u be t(2). Suppose -u*r - 5 = -0. What is the units digit of o(r)?
3
Suppose -18 = -4*d + 26. Let n = 20 - d. What is the units digit of n?
9
Let u be (-10)/35 - 2/(-7). Suppose u = -x - 0 + 6. Let l = 15 - x. What is the units digit of l?
9
Let s(i) = 10*i - 19. What is the units digit of s(5)?
1
Let q(a) be the third derivative of a**5/20 + a**4/8 - a**3/6 - 2*a**2. What is the units digit of q(-2)?
5
Let x = 4 - -12. Let a(v) = 4*v. Let k be a(5). Suppose 3*b - x = k. What is the units digit of b?
2
Suppose -5*b + 55 = -110. What is the tens digit of b?
3
Suppose -4*m + 0*m - 5*a + 257 = 0, -5*m = a - 295. What is the tens digit of m?
5
Let d = 2 + -9. Let j = 0 - d. What is the units digit of j?
7
Let n(r) = -r**3 + 5*r**2 + r + 6. Let s = -5 + 10. What is the units digit of n(s)?
1
Suppose p + 2*p - 93 = 0. What is the tens digit of p?
3
Let x = -14 + 22. Let d(i) be the first derivative of i**4/4 - 7*i**3/3 - 7*i**2/2 - 7*i - 2. What is the units digit of d(x)?
1
Let r(t) be the first derivative of t**3/3 + 7*t**2/2 + 10*t + 4. What is the units digit of r(-9)?
8
Suppose 3*y = -196 - 326. What is the units digit of y/(-21) + (-4)/14?
8
What is the units digit of 20/(-130) - (-2162)/26?
3
Suppose -3*h + 5*x + 38 = -21, 2*h + 5*x - 81 = 0. What is the tens digit of h?
2
Suppose 4*p - 2 - 18 = 0. Suppose -17 = -x - 6*y + y, p*x - 22 = -4*y. Suppose 0 = 6*r - x*r - 16. What is the units digit of r?
4
Let n = 48 + -28. What is the tens digit of n?
2
Suppose -3*n = -4*n + 5*a - 17, 0 = -n - 2*a + 4. Let u(g) = g**2 + 4*g - 1. Let p be u(-5). Let b = p - n. What is the units digit of b?
6
Let i = 5 + -3. Suppose 0*a - 20 = -i*a. Suppose -5*r = -a*r + 60. What is the units digit of r?
2
What is the tens digit of (-2)/((-250)/460 + (-1)/(-2))?
4
Let j be ((-30)/25)/(6/(-15)). Suppose 4*x - 45 = x + 3*f, -45 = -2*x - j*f. What is the units digit of x?
8
Suppose 0 = -9*l + 16*l - 224. What is the units digit of l?
2
Let p(w) = -346*w + 8. What is the units digit of p(-1)?
4
What is the units digit of (57/(-19))/(3/(-47))?
7
Suppose 0 = 6*t - 2*t + 5*s - 508, -3*t + 2*s = -358. What is the units digit of t?
2
What is the tens digit of (-321)/(-2) + (-3)/(-6)?
6
Let g(x) = -16*x + 2. What is the units digit of g(-1)?
8
Let u(j) = -22*j - 3. Let q be u(3). Let g be (-3)/12 + q/12. What is the units digit of 1 - (-3)/(g/(-4))?
3
Let q be (2 + (-5)/1)/(-1). Suppose -7*r = -2*r + q*p - 31, -4*r + p = -18. Suppose -r*n + 55 - 15 = 0. What is the units digit of n?
8
Let j(s) = -2*s**3 - 7*s**2 + 10*s - 7. What is the units digit of j(-6)?
3
Suppose 2*n - 25 = 5*r, 3*n = -6*r + 2*r + 26. Let g be (10/(-25))/((-1)/n). Suppose 3*h = -g + 19. What is the units digit of h?
5
Let d be (2/4)/((-2)/(-8)). What is the tens digit of ((-1)/d)/(1/(-24))?
1
What is the units digit of (-3)/(-4)*(-176)/(-4)?
3
Suppose -7*u + u + 204 = 0. What is the tens digit of u?
3
What is the hundreds digit of 18*((-171)/2)/(-9)?
1
Let n = -3 - -6. What is the units digit of (n - 3/3) + 10?
2
Let a(x) = x**3 + 6*x**2 + 4*x - 4. Let c be a(-3). Suppose 4 + 0 = -q. Let d = c + q. What is the units digit of d?
7
Let s(c) be the second derivative of c**5/20 + c**4/2 - 4*c**3/3 + c. Let l = -8 - -1. What is the units digit of s(l)?
7
Let s(t) = -t**3 - 2*t**2 + t + 5. What is the units digit of s(-4)?
3
Let w(l) = -l**3 - 8*l**2 + 4. Suppose 6*d + 24 = 3*d. What is the units digit of w(d)?
4
Let l be (3 - 27)*2/(-4). Suppose -3*s - l = -6*s. Let f(g) = g**2 - g + 5. What is the tens digit of f(s)?
1
Let i = 19 + 3. What is the tens digit of (-6)/(-33) + 392/i?
1
Suppose 4*n - 4*a - 28 = 0, -5*n + 0 = 5*a - 5. Suppose 0 = -n*t - 4. What is the tens digit of 4/((-6)/15*t)?
1
Let t = 11 + -7. Suppose -n - 91 = -3*h - 2*n, -h - t*n = -45. What is the tens digit of h?
2
Let d = -66 + 157. Suppose -2*l + d = -l. What is the tens digit of (-14)/l - 171/(-13)?
1
Let b be 350/20*8/10. Let i = -25 + b. Let u(c) = c + 22. What is the tens digit of u(i)?
1
Let k be 488/(-32) - (-6)/(-8). Let f(s) = -s**3 + 8*s**2 - 7*s + 4. Let v be f(7). What is the tens digit of (-188)/k - (-1)/v?
1
Let x be (1 + -3)*(-2)/2. Suppose -3*w + q + 1 = -1, -x*q = -4*w. Suppose 5*j + 50 = 5*t, 